is -215 - -24?
-161
In base 14, what is 3 - ab?
-a8
In base 11, what is -95 + 145?
60
In base 4, what is -22 + -2122?
-2210
In base 4, what is 3 - -122102?
122111
In base 6, what is -4 - 331?
-335
In base 3, what is -20101 - 0?
-20101
In base 4, what is -220000 - -1?
-213333
In base 3, what is 1 + 11?
12
In base 11, what is 0 - -43?
43
In base 11, what is -13 + -17?
-2a
In base 15, what is 4 + 67?
6b
In base 3, what is -11 - -121?
110
In base 5, what is -42011 + -10?
-42021
In base 13, what is -119 + -1?
-11a
In base 13, what is -1 - 5?
-6
In base 10, what is -100 - -5?
-95
In base 13, what is 1a0 - 1?
19c
In base 3, what is -102101 - 11?
-102112
In base 7, what is -3 - -615?
612
In base 8, what is 133 - 2?
131
In base 6, what is 1 - -204?
205
In base 4, what is -2 - -11211?
11203
In base 6, what is -140250 - -4?
-140242
In base 12, what is 115 + 20?
135
In base 7, what is 63 - 14?
46
In base 16, what is -17 + -2?
-19
In base 2, what is -1100 - -11100010?
11010110
In base 16, what is 1 - c4?
-c3
In base 7, what is 50 - 1134?
-1054
In base 6, what is 2 + 1220?
1222
In base 7, what is 4 - 3341?
-3334
In base 2, what is 101011001 - 10001?
101001000
In base 9, what is -3 + -417?
-421
In base 16, what is d + 3?
10
In base 16, what is -1c + -2?
-1e
In base 5, what is 3 - 31?
-23
In base 8, what is -75 + -7?
-104
In base 9, what is 64 - 12?
52
In base 12, what is -189 - -2?
-187
In base 14, what is -2 - 4c?
-50
In base 8, what is -6 - -26?
20
In base 15, what is c13 - 9?
c09
In base 2, what is 10000100010000 - -11?
10000100010011
In base 16, what is 11 + -8?
9
In base 5, what is -1 + -2130?
-2131
In base 3, what is -10 - -11112?
11102
In base 13, what is -5 - 159?
-161
In base 10, what is -2 - 218?
-220
In base 15, what is -30 + 1d?
-12
In base 3, what is 10 + 2100?
2110
In base 15, what is -3d + -1c?
-5a
In base 13, what is -426 - 5?
-42b
In base 6, what is -254 - 31?
-325
In base 3, what is -212 - -21212?
21000
In base 5, what is -3 - 1221?
-1224
In base 10, what is 43477 - -4?
43481
In base 11, what is -28 + -7?
-34
In base 9, what is -4 - 605?
-610
In base 7, what is -532 - -33?
-466
In base 9, what is 30812 + -3?
30808
In base 10, what is 32 - 107?
-75
In base 14, what is 15 + 242?
257
In base 16, what is 4 + d5?
d9
In base 11, what is -27 - -18?
-a
In base 10, what is -213 - -5?
-208
In base 13, what is 2 + -1b55?
-1b53
In base 4, what is -110 - -322?
212
In base 2, what is -11 - -11000011?
11000000
In base 8, what is 1 - -33?
34
In base 3, what is -21 + -2210112?
-2210210
In base 10, what is 47 + 23?
70
In base 3, what is -2 + -111120?
-111122
In base 8, what is 14 - 24?
-10
In base 2, what is 100100001 + -1010?
100010111
In base 16, what is 6a3 + 3?
6a6
In base 16, what is -12 - 95?
-a7
In base 3, what is -2 - -212220?
212211
In base 8, what is -443 + -2?
-445
In base 8, what is -232 + 46?
-164
In base 7, what is 143 + 0?
143
In base 5, what is -121 - 40?
-211
In base 6, what is -4 - 315?
-323
In base 14, what is -2a - 13?
-3d
In base 14, what is 4920 - -3?
4923
In base 5, what is -1201 + 1?
-1200
In base 14, what is -2 + 1?
-1
In base 12, what is 129 + -1?
128
In base 7, what is -2 + 31?
26
In base 11, what is 16 - -3aa?
415
In base 2, what is -10100 + 1101?
-111
In base 8, what is 174 + 16?
212
In base 11, what is 589 + 5?
593
In base 2, what is 0 - -110001001?
110001001
In base 7, what is -5 + 160?
152
In base 9, what is -423 - -17?
-405
In base 5, what is 0 - -2?
2
In base 8, what is 3142 + -3?
3137
In base 4, what is 2 + -23312?
-23310
In base 11, what is -5440 - -5?
-5436
In base 11, what is 109 - 4?
105
In base 12, what is 47a + 1?
47b
In base 4, what is -10201323 + 1?
-10201322
In base 6, what is -335 - -1?
-334
In base 3, what is -1002220 + 12?
-1002201
In base 16, what is 1094 + 8?
109c
In base 4, what is -2122 - -11?
-2111
In base 2, what is 110 + 101000010?
101001000
In base 5, what is -30 + 104?
24
In base 4, what is -12002 + 10?
-11332
In base 5, what is 10 - -201?
211
In base 3, what is -210001 - 111?
-210112
In base 2, what is -10 - 1011110?
-1100000
In base 13, what is 4 + 9?
10
In base 15, what is -5ee + 0?
-5ee
In base 11, what is -4 - -47?
43
In base 14, what is 8 - -54?
5c
In base 6, what is -234 + -105?
-343
In base 5, what is -1 - -310?
304
In base 9, what is 0 + 14?
14
In base 16, what is 5186 + 5?
518b
In base 16, what is -4 + -615?
-619
In base 7, what is 41 - 300?
-226
In base 10, what is -7 + -322?
-329
In base 7, what is 5305 + 0?
5305
In base 4, what is -100200 + 1?
-100133
In base 11, what is 2 + -157?
-155
In base 12, what is -1 - -85?
84
In base 14, what is 1a1 - -5?
1a6
In base 16, what is 6 - 76?
-70
In base 13, what is 33 - 2?
31
In base 11, what is 6 - -24?
2a
In base 4, what is -112 + -11?
-123
In base 11, what is -236 + 5?
-231
In base 8, what is 5 + -73?
-66
In base 8, what is -117 + 2?
-115
In base 7, what is -35 + -51?
-116
In base 2, what is -110000101100 - -1?
-110000101011
In base 14, what is -1 + 63?
62
In base 5, what is 100 - 1?
44
In base 6, what is 2421 + 5?
2430
In base 16, what is 1b + c?
27
In base 11, what is 8021 - -4?
8025
In base 15, what is 0 + -185?
-185
In base 16, what is -58 + 3?
-55
In base 7, what is -3 + 125?
122
In base 12, what is -13 + -6b?
-82
In base 9, what is 43 - -36?
80
In base 12, what is -1311 + -5?
-1316
In base 11, what is -1a8 + 29?
-17a
In base 13, what is -a4 - 0?
-a4
In base 3, what is 22 + -11?
11
In base 13, what is -1513 + -4?
-1517
In base 3, what is 22 - 112?
-20
In base 13, what is -1 - 8a4?
-8a5
In base 8, what is 17 + 37?
56
In base 4, what is -2 - -12?
10
In base 11, what is 49 - -6?
54
In base 15, what is d1 + b?
dc
In base 11, what is -99 + -6?
-a4
In base 9, what is -3 - 185?
-188
In base 5, what is 10 - -223?
233
In base 5, what is -134 + -2?
-141
In base 10, what is 412 - 2?
410
In base 4, what is 1 - 13303?
-13302
In base 5, what is 4 - 22340?
-22331
In base 14, what is 13b + -8?
133
In base 12, what is 1 - 1a?
-19
In base 14, what is 4 - 2b?
-27
In base 10, what is -23 - -148?
125
In base 11, what is 4 - -1a5?
1a9
In base 11, what is 0 - -249?
249
In base 8, what is 10 + -74?
-64
In base 15, what is -1b3 - 1?
-1b4
In base 6, what is -11420 - -2?
-11414
In base 12, what is -819 + 5?
-814
In base 12, what is -8954 + -4?
-8958
In base 8, what is 215 - 103?
112
In base 6, what is -103111 + -5?
-103120
In base 12, what is 5 - -3?
8
In base 9, what is 11 + 3?
14
In base 12, what is 1 - 17?
-16
In base 13, what is 0 - 26?
-26
In base 6, what is 3133 + 3?
3140
In base 10, what is -60 - -194?
134
In base 7, what is -3014 + 16?
-2665
In base 4, what is 33002 + 11?
33013
In base 12, what is 5 - -163?
168
In base 13, what is 238 - 2?
236
In base 7, what is -41 + -2?
-43
In base 6, what is 10341 - -1?
10342
In base 8, what is 1455 + -2?
1453
In base 9, what is -3 + 223?
220
In base 2, what is -110001 - 1101?
-111110
In base 13, what is -1 - 29?
-2a
In base 14, what is 1 - -39?
3a
In base 6, what is 0 - -1010?
1010
In base 16, what is 8 + -19?
-11
In base 15, what is -3 + 740?
73c
In base 11, what is -21a56 - 1?
-21a57
In base 10, what is -1 + -13?
-14
In base 11, what is 1833 + 0?
1833
In base 8, what is 1 - 36?
-35
In base 10, what is -2 + 10?
8
In base 13, what is 2 - -149?
14b
In base 9, what is -6 - 21?
-27
In base 5, what is 3 - -21?
24
In base 10, what is 0 + -305?
-305
In base 13, what is 5 + cc?
104
In base 2, what is 111001111 + -10011?
110111100
In base 13, what is 2617 - -3?
261a
In base 10, what is 43 + -10?
33
In base 5, what is -441 - -11?
-430
In base 14, what is 2a + -65?
-39
In base 12, what is 61 - 6?
57
In base 16, what is -1 - 108b?
-108c
In base 4, what is 120 - -22?
202
In base 11, what is -12 + 4?
-9
In base 5, what is -401040 - 1?
-401041
In base 11, what is 47 + -1?
46
In base 6, what is -2 - -5511?
5505
In base 13, what is -59 + -a?
-66
In base 2, what is -100111 - -1000?
-11111
In base 2, what is -111111000 + 101?
-111110011
In base 4, what is -3 - 1000131?
-1000200
In base 9, what is -423 - -3?
-420
In base 13, what is -a + 8?
-2
In base 8, what is 55 - -15?
72
In base 12, what is -3 + 311?
30a
In base 6, what is 15 - 0?
15
In base 11, what is 3 - -57?
5a
In base 15, what is 1 - b52?
-b51
In base 2, what is 1110010 - 11000?
10